
False
Is 12683539 prime?
False
Is 390702139 prime?
False
Is 6629141 composite?
False
Is 5331751 composite?
False
Is 3864755443 composite?
False
Is 39906241 a prime number?
False
Is 8684257 composite?
False
Is 8165077 prime?
True
Is 1747241 prime?
False
Is 2076829 prime?
True
Is 8634553 a prime number?
False
Is 6604469 a composite number?
False
Is 1334201 a prime number?
False
Is 3826399 prime?
True
Is 9701999 a composite number?
False
Is 32062669 composite?
False
Is 221778701 prime?
True
Is 7744235 a composite number?
True
Is 209879257 prime?
False
Is 3352147 prime?
True
Is 16234171 a composite number?
True
Is 23555201 prime?
False
Is 2578117 a prime number?
True
Is 9635837 a composite number?
False
Is 19553601 prime?
False
Is 8047261 a composite number?
False
Is 14115067 a prime number?
True
Is 4779442 a prime number?
False
Is 62155019 composite?
True
Is 19941247 a composite number?
False
Is 140180279 composite?
True
Is 11427477 composite?
True
Is 113247311 composite?
False
Is 144142253 a composite number?
True
Is 276959587 composite?
True
Is 5144059 prime?
False
Is 1870453 a composite number?
True
Is 452593 a composite number?
True
Is 301805507 prime?
True
Is 134232869 a prime number?
True
Is 626171941 prime?
False
Is 73237 prime?
True
Is 12125963 a composite number?
False
Is 856993 prime?
True
Is 23278631 a prime number?
False
Is 23857343 composite?
True
Is 457392941 a prime number?
False
Is 92982187 a prime number?
True
Is 168576143 prime?
False
Is 2818147 prime?
True
Is 2210647 prime?
False
Is 409601 composite?
True
Is 50997323 composite?
True
Is 757249 composite?
True
Is 1118599 prime?
True
Is 55619237 a prime number?
True
Is 902927 composite?
True
Is 12876293 a composite number?
True
Is 2577971 prime?
False
Is 4185293 prime?
False
Is 93504097 a composite number?
True
Is 26493043 composite?
False
Is 19061909 composite?
False
Is 181854235 a composite number?
True
Is 430163 a composite number?
True
Is 10514159 prime?
True
Is 446659 composite?
True
Is 6419087 composite?
False
Is 640837 composite?
False
Is 5186427 composite?
True
Is 51759551 prime?
True
Is 7802929 a prime number?
True
Is 168477549 a composite number?
True
Is 74498467 composite?
False
Is 113067341 a prime number?
True
Is 23951561 composite?
True
Is 2182079 a prime number?
False
Is 8125657 composite?
True
Is 119248223 composite?
True
Is 7235227 a prime number?
False
Is 3675785 a composite number?
True
Is 5011429 prime?
False
Is 388480793 composite?
True
Is 9515747 a composite number?
True
Is 21944393 a prime number?
True
Is 602557 composite?
True
Is 61863353 a prime number?
False
Is 2583265 a prime number?
False
Is 21117001 a prime number?
True
Is 314059 a composite number?
False
Is 72554 a prime number?
False
Is 1263631 a prime number?
True
Is 1949809 a composite number?
False
Is 2876443 a composite number?
False
Is 161198 a composite number?
True
Is 65704519 a composite number?
False
Is 668999 prime?
True
Is 986239355 composite?
True
Is 51724331 a prime number?
True
Is 614843 prime?
True
Is 2948629 prime?
False
Is 219725057 prime?
False
Is 16938319 a prime number?
True
Is 8071517 prime?
True
Is 228905931 composite?
True
Is 39245587 composite?
False
Is 8838371 a composite number?
True
Is 19550431 prime?
True
Is 216244219 a prime number?
False
Is 12416759 a composite number?
False
Is 15233279 a prime number?
True
Is 106465129 a prime number?
False
Is 2953141 a composite number?
False
Is 9897047 a composite number?
True
Is 319454105 prime?
False
Is 14596891 a prime number?
True
Is 1232599 prime?
False
Is 2767477 a composite number?
False
Is 884299 composite?
True
Is 588077 a composite number?
True
Is 23594771 prime?
False
Is 479345233 a composite number?
True
Is 14011019 a composite number?
True
Is 344791 a composite number?
False
Is 229355197 a composite number?
False
Is 2673239 composite?
True
Is 35534353 prime?
False
Is 971545 a composite number?
True
Is 30910963 composite?
False
Is 189762901 prime?
True
Is 12680477 a prime number?
False
Is 13196921 composite?
False
Is 1573023 a composite number?
True
Is 5775314 a prime number?
False
Is 13971851 composite?
False
Is 116435897 a prime number?
True
Is 11154947 composite?
True
Is 45726301 composite?
True
Is 673891 a prime number?
True
Is 2675025655 a composite number?
True
Is 183386927 composite?
True
Is 737729 composite?
False
Is 75934709 a prime number?
False
Is 22516114 a composite number?
True
Is 27940799 prime?
False
Is 623477 a composite number?
False
Is 491251 a prime number?
True
Is 1521089 composite?
False
Is 13275439 a prime number?
False
Is 191491 a composite number?
False
Is 42943433 a prime number?
False
Is 9128003 a composite number?
False
Is 32792443 a composite number?
False
Is 501197 composite?
False
Is 10009349 a composite number?
True
Is 84596521 a composite number?
False
Is 813800479 a composite number?
False
Is 1130197 prime?
False
Is 3694133 a prime number?
True
Is 38900863 prime?
True
Is 64409309 a composite number?
False
Is 26700449 a prime number?
False
Is 39232793 a composite number?
False
Is 16182203 composite?
True
Is 2539461 composite?
True
Is 55433893 a composite number?
False
Is 96154899 prime?
False
Is 205728239 prime?
True
Is 92235587 composite?
False
Is 25455571 a composite number?
False
Is 5678837 composite?
True
Is 1044529 a prime number?
True
Is 17717057 prime?
False
Is 996067 a prime number?
True
Is 3015391 prime?
False
Is 2768089 a prime number?
False
Is 85887617 composite?
False
Is 27541699 composite?
True
Is 488646139 prime?
True
Is 20514937 composite?
True
Is 116507 a prime number?
True
Is 4845998 composite?
True
Is 3811613 composite?
True
Is 40123417 prime?
False
Is 1601599 prime?
True
Is 211116181 composite?
True
Is 1675199 composite?
False
Is 1717669 a composite number?
False
Is 23087291 composite?
False
Is 403935359 a prime number?
True
Is 6519829 composite?
False
Is 858937 composite?
True
Is 18906599 prime?
True
Is 102390797 a composite number?
True
Is 8601199 a composite number?
True
Is 16213247 a prime number?
True
Is 1681591 prime?
True
Is 28086203 composite?
False
Is 1021793 a composite number?
False
Is 23351521 prime?
True
Is 39795941 composite?
True
Is 12757739 prime?
True
Is 576472557 a prime number?
False
Is 170670809 prime?
True
Is 2669789 prime?
True
Is 357002353 a prime number?
False
Is 2215994273 prime?
True
Is 20662307 prime?
True
Is 1000456283 a composite number?
True
Is 40473182 a prime number?
False
Is 124253923 a composite number?
False
Is 10636981 prime?
False
Is 33543133 a prime number?
False
Is 965101 a composite number?
False
Is 15994549 composite?
False
Is 1039229 prime?
True
Is 302743297 prime?
True
Is 2263297 composite?
True
Is 34528357 a prime number?
False
Is 373532647 composite?
True
Is 757282057 composite?
True
Is 29623939 a composite number?
True
Is 10819427 a composite number?
False
Is 19519691 composite?
True
Is 148353 a prime number?
False
Is 1104219505 a composite number?
True
Is 1391305 composite?
True
Is 80250359 composite?
True
Is 15339277 prime?
True
Is 266333 a prime number?
True
Is 9873503 a composite number?
False
Is 12133162 a prime number?
False
Is 5224277 a prime number?
True
Is 6817297 composite?
False
Is 194777 a prime number?
False
Is 64871791 prime?
False
Is 87830527 a prime number?
False
Is 14318338 a prime number?
False
Is 534629 prime?
True
Is 5246771 prime?
True
Is 348690207 composite?
True
Is 16179022 a prime number?
False
Is 1121333 a prime number?
True
Is 25099981 a prime number?
False
Is 12895709 prime?
False
Is 5212135 a prime number?
False
Is 13498427 prime?
False
Is 112513433 a prime number?
True
Is 46235753 composite?
False
Is 9936931 prime?
False
Is 14614109 a composite number?
True
Is 34649431 composite?
True
Is 65987333 a prime number?
True
Is 45567751 a prime number?
True
Is 1192319 composite?
True
Is 41148427 a composite number?
True
Is 1924699 a prime number?
False
Is 64446457 composite?
False
Is 2137901 a composite number?
True
Is 34227211 a prime number?
True
Is 19216639 composite?
True
Is 603473363 composite?
False
Is 51117127 a prime number?
False
Is 68756759 composite?
False
Is 56691377 prime?
True
Is 2895589 composite?
False
Is 1900183 prime?
False
Is 598095746 a prime number?
False
Is 200621 prime?
False
I